{"id":488,"date":"2024-08-13T12:02:41","date_gmt":"2024-08-13T11:02:41","guid":{"rendered":"http:\/\/adopcja.wroclaw.pl\/?page_id=488"},"modified":"2026-03-02T16:26:56","modified_gmt":"2026-03-02T15:26:56","slug":"zjazdy-rodzin-adopcyjnych","status":"publish","type":"page","link":"https:\/\/adopcja.wroclaw.pl\/?page_id=488","title":{"rendered":"Zjazdy Rodzin Adopcyjnych"},"content":{"rendered":"\n<p class=\"has-ibm-plex-serif-font-family has-medium-font-size\" style=\"text-transform:none\">Zjazdy Rodzin Adopcyjnych i Zast\u0119pczych odbywaj\u0105 si\u0119 corocznie od 1994r.<br>Pocz\u0105tkowo by\u0142y to jednodniowe spotkania, kt\u00f3re gromadzi\u0142y kolejne rodziny<br>adopcyjne i zast\u0119pcze zawi\u0105zywane za po\u015brednictwem naszego O\u015brodka. Z czasem<br>potrzeby spotka\u0144 i rozm\u00f3w ros\u0142y, co sprawi\u0142o, \u017ce za sugesti\u0105 uczestnik\u00f3w zjazdy<br>przekszta\u0142ci\u0142y si\u0119 w dwudniowe spotkania. Zjazd zajmuje szczeg\u00f3lne miejsce na<br>mapie naszych corocznych plan\u00f3w &#8211; jest to dla nas i dla naszych rodzin wyj\u0105tkowy<br>czas.<br>Wybieraj\u0105c miejsca na Zjazd, kt\u00f3re musia\u0142y pomie\u015bci\u0107 od 100 do nawet prawie 300<br>uczestnik\u00f3w, kierowali\u015bmy si\u0119 zawsze walorami okolicznej przyrody i mo\u017cliwo\u015bciami<br>obiektu, kt\u00f3ry m\u00f3g\u0142 nas ugo\u015bci\u0107, czasem ograniczenie liczb\u0105 miejsc wi\u0105za\u0142o si\u0119 z<br>konieczno\u015bci\u0105 wynajmu nocleg\u00f3w przez nasze rodziny w s\u0105siaduj\u0105cych o\u015brodkach.<br>Na przestrzeni lat go\u015bcili\u015bmy w Sulistrowiczkach, Bardzie \u015al\u0105skim, Zag\u00f3rzu \u015al\u0105skim,<br>na G\u00f3rze \u015aw. Anny, w Krzeszowie, Olejnicy i Wieleniu, a od kilku lat w Zabor\u00f3wcu.<br>Okolica zawsze sprzyja spotkaniom, spacerom, odpoczynkowi i rekreacji.<br>W centrum naszego \u015bwi\u0119towania jest zawsze Eucharystia. Spotykamy si\u0119 te\u017c na<br>wyk\u0142adzie dla rodzic\u00f3w prowadzonym przez zaproszonego specjalist\u0119, w tym czasie<br>dzieci i m\u0142odzie\u017c maj\u0105 zaplanowane gry i zabawy. Wieczorem, o ile tylko pozwala<br>nam pogoda, spotykamy si\u0119 przy ognisku. W czasie Zjazdu nie brakuje czasu<br>wolnego na wypicie kawy i zjedzenie ciastka, swobodne rozmowy przy stole czy w<br>plenerze. Od kilku lat piel\u0119gnujemy te\u017c tradycj\u0119 prowadzenia przegl\u0105du talent\u00f3w<br>dzieci i m\u0142odzie\u017cy.<br>Zjazdy maj\u0105 wielowymiarowe oddzia\u0142ywanie: pozwalaj\u0105 na wymian\u0119 do\u015bwiadcze\u0144<br>miedzy rodzicami, wyra\u017cenie swoich nadziei i obaw, spojrzenie z nowej perspektywy<br>na istotne adopcyjne i wychowawcze tematy. Pozwalaj\u0105 te\u017c na spotkanie z<br>uczestnikami w\u0142asnej grupy szkoleniowej, co zwykle wi\u0105\u017ce si\u0119 z wieloma<br>wspomnieniami, ale te\u017c otwartymi rozmowami o tera\u017aniejszo\u015bci i przysz\u0142o\u015bci. Dla<br>nas, pracownik\u00f3w, Zjazdy s\u0105 wyj\u0105tkow\u0105 okazj\u0105 do spotkania z tymi, kt\u00f3rym najpierw<br>towarzyszyli\u015bmy na etapie przygotowa\u0144, a nast\u0119pnie w tym niepowtarzalnym<br>procesie tworzenia si\u0119 rodziny \u2013 czego dane jest nam by\u0107 \u015bwiadkami z racji naszej<br>profesji. Jest to czas rozm\u00f3w, podsumowa\u0144 kolejnych wsp\u00f3lnych etap\u00f3w \u017cycia<br>rodziny, czasem po prostu serdecznego przywitania si\u0119 i spojrzenia z podziwem \u2013 jak<br>dzieci rosn\u0105, jak zmieniaj\u0105 si\u0119 i dojrzewaj\u0105 rodzice dzi\u0119ki swoim dzieciom. Dla dzieci<br>i m\u0142odzie\u017cy zjazdy s\u0105 elementem budowania poczucia w\u0142asnej to\u017csamo\u015bci.<br>Pami\u0119tam , jak w czasie jednego ze zjazd\u00f3w adoptowana c\u00f3reczka podbieg\u0142a do<br>swoich rodzic\u00f3w ze spontanicznym pytaniem: \u201eMamusiu, to te wszystkie dzieci by\u0142y w<br>tym samym domku (domu dziecka -przyp.), co ja?\u201d M\u0142odzi doro\u015bli, zwracaj\u0105c si\u0119 do<br>nas z pytaniami o swoje pochodzenie, wspominaj\u0105, \u017ce je\u017adzili na zjazdy jako dzieci<br>czy nastolatkowie. Udzia\u0142 w Zjedzie pomaga dzieciom precyzowa\u0107 swoj\u0105 to\u017csamo\u015b\u0107,<br>a zw\u0142aszcza przyczynia si\u0119 do spojrzenia, \u017ce ich historia bycia adoptowanymi<br>dotyczy szerszego kr\u0119gu dzieci i m\u0142odzie\u017cy, nie tylko pojedynczych os\u00f3b. Mo\u017ce to<br>zmniejszy\u0107 poziom napi\u0119cia w dziecku czy poczucia bycia innym.<\/p>\n\n\n\n<p class=\"has-ibm-plex-serif-font-family has-medium-font-size\" style=\"text-transform:none\">Czekamy na Was podczas kolejnego Zjazdu Rodzin.<br>Rodziny adopcyjne przygotowane przez inny O\u015brodek, a zainteresowane udzia\u0142em w<br>Zje\u017adzie prosimy o kontakt telefoniczny.<br>Najbli\u017cszy planowany Zjazd Rodzin Adopcyjnych i Zast\u0119pczych odb\u0119dzie si\u0119 w<br>dniach 30-31.05.2026 r.<\/p>\n","protected":false},"excerpt":{"rendered":"<p>Zjazdy Rodzin Adopcyjnych i Zast\u0119pczych odbywaj\u0105 si\u0119 corocznie od 1994r.Pocz\u0105tkowo by\u0142y to jednodniowe spotkania, kt\u00f3re gromadzi\u0142y kolejne rodzinyadopcyjne i zast\u0119pcze zawi\u0105zywane za po\u015brednictwem naszego O\u015brodka. Z czasempotrzeby spotka\u0144 i rozm\u00f3w ros\u0142y, co sprawi\u0142o, \u017ce za sugesti\u0105 uczestnik\u00f3w zjazdyprzekszta\u0142ci\u0142y si\u0119 w dwudniowe spotkania. Zjazd zajmuje szczeg\u00f3lne miejsce namapie naszych corocznych plan\u00f3w &#8211; jest to dla nas&#8230;<\/p>\n","protected":false},"author":1,"featured_media":0,"parent":0,"menu_order":0,"comment_status":"closed","ping_status":"closed","template":"","meta":{"footnotes":""},"class_list":["post-488","page","type-page","status-publish","hentry"],"aioseo_notices":[],"_links":{"self":[{"href":"https:\/\/adopcja.wroclaw.pl\/index.php?rest_route=\/wp\/v2\/pages\/488","targetHints":{"allow":["GET"]}}],"collection":[{"href":"https:\/\/adopcja.wroclaw.pl\/index.php?rest_route=\/wp\/v2\/pages"}],"about":[{"href":"https:\/\/adopcja.wroclaw.pl\/index.php?rest_route=\/wp\/v2\/types\/page"}],"author":[{"embeddable":true,"href":"https:\/\/adopcja.wroclaw.pl\/index.php?rest_route=\/wp\/v2\/users\/1"}],"replies":[{"embeddable":true,"href":"https:\/\/adopcja.wroclaw.pl\/index.php?rest_route=%2Fwp%2Fv2%2Fcomments&post=488"}],"version-history":[{"count":3,"href":"https:\/\/adopcja.wroclaw.pl\/index.php?rest_route=\/wp\/v2\/pages\/488\/revisions"}],"predecessor-version":[{"id":1405,"href":"https:\/\/adopcja.wroclaw.pl\/index.php?rest_route=\/wp\/v2\/pages\/488\/revisions\/1405"}],"wp:attachment":[{"href":"https:\/\/adopcja.wroclaw.pl\/index.php?rest_route=%2Fwp%2Fv2%2Fmedia&parent=488"}],"curies":[{"name":"wp","href":"https:\/\/api.w.org\/{rel}","templated":true}]}}

<p class="has-ibm-plex-serif-font-family has-medium-font-size" style="text-transform:none">Zjazdy Rodzin Adopcyjnych i Zastępczych odbywają się corocznie od 1994r.<br>Początkowo były to jednodniowe spotkania, które gromadziły kolejne rodziny<br>adopcyjne i zastępcze zawiązywane za pośrednictwem naszego Ośrodka. Z czasem<br>potrzeby spotkań i rozmów rosły, co sprawiło, że za sugestią uczestników zjazdy<br>przekształciły się w dwudniowe spotkania. Zjazd zajmuje szczególne miejsce na<br>mapie naszych corocznych planów &#8211; jest to dla nas i dla naszych rodzin wyjątkowy<br>czas.<br>Wybierając miejsca na Zjazd, które musiały pomieścić od 100 do nawet prawie 300<br>uczestników, kierowaliśmy się zawsze walorami okolicznej przyrody i możliwościami<br>obiektu, który mógł nas ugościć, czasem ograniczenie liczbą miejsc wiązało się z<br>koniecznością wynajmu noclegów przez nasze rodziny w sąsiadujących ośrodkach.<br>Na przestrzeni lat gościliśmy w Sulistrowiczkach, Bardzie Śląskim, Zagórzu Śląskim,<br>na Górze Św. Anny, w Krzeszowie, Olejnicy i Wieleniu, a od kilku lat w Zaborówcu.<br>Okolica zawsze sprzyja spotkaniom, spacerom, odpoczynkowi i rekreacji.<br>W centrum naszego świętowania jest zawsze Eucharystia. Spotykamy się też na<br>wykładzie dla rodziców prowadzonym przez zaproszonego specjalistę, w tym czasie<br>dzieci i młodzież mają zaplanowane gry i zabawy. Wieczorem, o ile tylko pozwala<br>nam pogoda, spotykamy się przy ognisku. W czasie Zjazdu nie brakuje czasu<br>wolnego na wypicie kawy i zjedzenie ciastka, swobodne rozmowy przy stole czy w<br>plenerze. Od kilku lat pielęgnujemy też tradycję prowadzenia przeglądu talentów<br>dzieci i młodzieży.<br>Zjazdy mają wielowymiarowe oddziaływanie: pozwalają na wymianę doświadczeń<br>miedzy rodzicami, wyrażenie swoich nadziei i obaw, spojrzenie z nowej perspektywy<br>na istotne adopcyjne i wychowawcze tematy. Pozwalają też na spotkanie z<br>uczestnikami własnej grupy szkoleniowej, co zwykle wiąże się z wieloma<br>wspomnieniami, ale też otwartymi rozmowami o teraźniejszości i przyszłości. Dla<br>nas, pracowników, Zjazdy są wyjątkową okazją do spotkania z tymi, którym najpierw<br>towarzyszyliśmy na etapie przygotowań, a następnie w tym niepowtarzalnym<br>procesie tworzenia się rodziny – czego dane jest nam być świadkami z racji naszej<br>profesji. Jest to czas rozmów, podsumowań kolejnych wspólnych etapów życia<br>rodziny, czasem po prostu serdecznego przywitania się i spojrzenia z podziwem – jak<br>dzieci rosną, jak zmieniają się i dojrzewają rodzice dzięki swoim dzieciom. Dla dzieci<br>i młodzieży zjazdy są elementem budowania poczucia własnej tożsamości.<br>Pamiętam , jak w czasie jednego ze zjazdów adoptowana córeczka podbiegła do<br>swoich rodziców ze spontanicznym pytaniem: „Mamusiu, to te wszystkie dzieci były w<br>tym samym domku (domu dziecka -przyp.), co ja?” Młodzi dorośli, zwracając się do<br>nas z pytaniami o swoje pochodzenie, wspominają, że jeździli na zjazdy jako dzieci<br>czy nastolatkowie. Udział w Zjedzie pomaga dzieciom precyzować swoją tożsamość,<br>a zwłaszcza przyczynia się do spojrzenia, że ich historia bycia adoptowanymi<br>dotyczy szerszego kręgu dzieci i młodzieży, nie tylko pojedynczych osób. Może to<br>zmniejszyć poziom napięcia w dziecku czy poczucia bycia innym.</p>



<p class="has-ibm-plex-serif-font-family has-medium-font-size" style="text-transform:none">Czekamy na Was podczas kolejnego Zjazdu Rodzin.<br>Rodziny adopcyjne przygotowane przez inny Ośrodek, a zainteresowane udziałem w<br>Zjeździe prosimy o kontakt telefoniczny.<br>Najbliższy planowany Zjazd Rodzin Adopcyjnych i Zastępczych odbędzie się w<br>dniach 30-31.05.2026 r.</p>

<p>Zjazdy Rodzin Adopcyjnych i Zastępczych odbywają się corocznie od 1994r.Początkowo były to jednodniowe spotkania, które gromadziły kolejne rodzinyadopcyjne i zastępcze zawiązywane za pośrednictwem naszego Ośrodka. Z czasempotrzeby spotkań i rozmów rosły, co sprawiło, że za sugestią uczestników zjazdyprzekształciły się w dwudniowe spotkania. Zjazd zajmuje szczególne miejsce namapie naszych corocznych planów &#8211; jest to dla nas&#8230;</p>
