{"id":485,"date":"2024-08-13T11:56:42","date_gmt":"2024-08-13T10:56:42","guid":{"rendered":"http:\/\/adopcja.wroclaw.pl\/?page_id=485"},"modified":"2026-03-12T19:52:58","modified_gmt":"2026-03-12T18:52:58","slug":"szkolenia-dla-kandydatow","status":"publish","type":"page","link":"https:\/\/adopcja.wroclaw.pl\/?page_id=485","title":{"rendered":"Szkolenia dla kandydat\u00f3w"},"content":{"rendered":"\n<p class=\"has-ibm-plex-serif-font-family has-medium-font-size\" style=\"text-transform:none\"><strong>Archidiecezjalny O\u015brodek Adopcyjny we Wroc\u0142awiu przygotowuje kandydat\u00f3w do przysposobienia dziecka na podstawie programu szkoleniowego &#8222;Rodzina&#8221;, zatwierdzonego przez Minist<\/strong>ra Rodziny i Polityki Spo\u0142ecznej, decyzja nr 1\/2022\/RA z dnia 18 stycznia 2022 roku.<\/p>\n\n\n\n<p class=\"has-ibm-plex-serif-font-family has-medium-font-size\" style=\"text-transform:none\">Szkolenia dla kandydat\u00f3w do przysposobienia dziecka odbywaj\u0105 si\u0119 w:<\/p>\n\n\n\n<p class=\"has-ibm-plex-serif-font-family has-medium-font-size\" style=\"text-transform:none\">poniedzia\u0142ki lub \u015brody: 15:45 &#8211; 19:30&nbsp; &nbsp;<\/p>\n\n\n\n<p class=\"has-ibm-plex-serif-font-family has-medium-font-size\" style=\"text-transform:none\">soboty: 9:00 &#8211; 12:00<\/p>\n\n\n\n<p class=\"has-ibm-plex-serif-font-family has-medium-font-size\" style=\"text-transform:none\"><strong>W grudniu 2025 r. zako\u0144czyli\u015bmy kolejn\u0105 edycj\u0119 grupowych szkole\u0144.<\/strong> <\/p>\n\n\n\n<p class=\"has-ibm-plex-serif-font-family has-medium-font-size\" style=\"text-transform:none\">Obecnie trwaj\u0105 szkolenia edycji stycze\u0144\/marzec, w kt\u00f3rych bierze udzia\u0142 14 os\u00f3b.<\/p>\n\n\n\n<p class=\"has-primary-color has-text-color has-ibm-plex-serif-font-family has-medium-font-size\" style=\"text-transform:none\">Najbli\u017csze szkolenia zaplanowane s\u0105 na kwiecie\u0144 2026 r.<\/p>\n","protected":false},"excerpt":{"rendered":"<p>Archidiecezjalny O\u015brodek Adopcyjny we Wroc\u0142awiu przygotowuje kandydat\u00f3w do przysposobienia dziecka na podstawie programu szkoleniowego &#8222;Rodzina&#8221;, zatwierdzonego przez Ministra Rodziny i Polityki Spo\u0142ecznej, decyzja nr 1\/2022\/RA z dnia 18 stycznia 2022 roku. Szkolenia dla kandydat\u00f3w do przysposobienia dziecka odbywaj\u0105 si\u0119 w: poniedzia\u0142ki lub \u015brody: 15:45 &#8211; 19:30&nbsp; &nbsp; soboty: 9:00 &#8211; 12:00 W grudniu 2025 r&#8230;.<\/p>\n","protected":false},"author":1,"featured_media":0,"parent":0,"menu_order":0,"comment_status":"closed","ping_status":"closed","template":"","meta":{"footnotes":""},"class_list":["post-485","page","type-page","status-publish","hentry"],"aioseo_notices":[],"_links":{"self":[{"href":"https:\/\/adopcja.wroclaw.pl\/index.php?rest_route=\/wp\/v2\/pages\/485","targetHints":{"allow":["GET"]}}],"collection":[{"href":"https:\/\/adopcja.wroclaw.pl\/index.php?rest_route=\/wp\/v2\/pages"}],"about":[{"href":"https:\/\/adopcja.wroclaw.pl\/index.php?rest_route=\/wp\/v2\/types\/page"}],"author":[{"embeddable":true,"href":"https:\/\/adopcja.wroclaw.pl\/index.php?rest_route=\/wp\/v2\/users\/1"}],"replies":[{"embeddable":true,"href":"https:\/\/adopcja.wroclaw.pl\/index.php?rest_route=%2Fwp%2Fv2%2Fcomments&post=485"}],"version-history":[{"count":22,"href":"https:\/\/adopcja.wroclaw.pl\/index.php?rest_route=\/wp\/v2\/pages\/485\/revisions"}],"predecessor-version":[{"id":1441,"href":"https:\/\/adopcja.wroclaw.pl\/index.php?rest_route=\/wp\/v2\/pages\/485\/revisions\/1441"}],"wp:attachment":[{"href":"https:\/\/adopcja.wroclaw.pl\/index.php?rest_route=%2Fwp%2Fv2%2Fmedia&parent=485"}],"curies":[{"name":"wp","href":"https:\/\/api.w.org\/{rel}","templated":true}]}}

Szkolenia dla kandydatów

<p class="has-ibm-plex-serif-font-family has-medium-font-size" style="text-transform:none"><strong>Archidiecezjalny Ośrodek Adopcyjny we Wrocławiu przygotowuje kandydatów do przysposobienia dziecka na podstawie programu szkoleniowego &#8222;Rodzina&#8221;, zatwierdzonego przez Minist</strong>ra Rodziny i Polityki Społecznej, decyzja nr 1/2022/RA z dnia 18 stycznia 2022 roku.</p>



<p class="has-ibm-plex-serif-font-family has-medium-font-size" style="text-transform:none">Szkolenia dla kandydatów do przysposobienia dziecka odbywają się w:</p>



<p class="has-ibm-plex-serif-font-family has-medium-font-size" style="text-transform:none">poniedziałki lub środy: 15:45 &#8211; 19:30&nbsp; &nbsp;</p>



<p class="has-ibm-plex-serif-font-family has-medium-font-size" style="text-transform:none">soboty: 9:00 &#8211; 12:00</p>



<p class="has-ibm-plex-serif-font-family has-medium-font-size" style="text-transform:none"><strong>W grudniu 2025 r. zakończyliśmy kolejną edycję grupowych szkoleń.</strong> </p>



<p class="has-ibm-plex-serif-font-family has-medium-font-size" style="text-transform:none">Obecnie trwają szkolenia edycji styczeń/marzec, w których bierze udział 14 osób.</p>



<p class="has-primary-color has-text-color has-ibm-plex-serif-font-family has-medium-font-size" style="text-transform:none">Najbliższe szkolenia zaplanowane są na kwiecień 2026 r.</p>

<p>Archidiecezjalny Ośrodek Adopcyjny we Wrocławiu przygotowuje kandydatów do przysposobienia dziecka na podstawie programu szkoleniowego &#8222;Rodzina&#8221;, zatwierdzonego przez Ministra Rodziny i Polityki Społecznej, decyzja nr 1/2022/RA z dnia 18 stycznia 2022 roku. Szkolenia dla kandydatów do przysposobienia dziecka odbywają się w: poniedziałki lub środy: 15:45 &#8211; 19:30&nbsp; &nbsp; soboty: 9:00 &#8211; 12:00 W grudniu 2025 r&#8230;.</p>
