{"id":1281,"date":"2025-08-18T15:50:09","date_gmt":"2025-08-18T14:50:09","guid":{"rendered":"https:\/\/adopcja.wroclaw.pl\/?page_id=1281"},"modified":"2026-03-12T14:07:41","modified_gmt":"2026-03-12T13:07:41","slug":"nadchodzace-spotkania-i-warsztaty","status":"publish","type":"page","link":"https:\/\/adopcja.wroclaw.pl\/?page_id=1281","title":{"rendered":"Nadchodz\u0105ce spotkania i warsztaty"},"content":{"rendered":"\n<p><\/p>\n\n\n\n<p class=\"has-pale-pink-background-color has-background has-ibm-plex-serif-font-family has-medium-font-size\" style=\"text-transform:none\">2 pa\u017adziernika 2025 r. w godzinach 18-20:00 zapraszamy na spotkanie WySPA, grup\u0119 wsparcia dla rodzic\u00f3w adopcyjnych poprowadz\u0105 rodzice ze Stowarzyszenia Rodzin Adopcyjnych.<\/p>\n\n\n\n<p class=\"has-background has-ibm-plex-serif-font-family has-medium-font-size\" style=\"background-color:#f5d5209c;text-transform:none\">25 pa\u017adziernika 2025 r. zapraszamy na warsztat pt.: &#8222;Moje cia\u0142o to m\u00f3j dom- praktyki tworzenia bezpiecznych relacji&#8221; prowadzony przez Pani\u0105 Izabel\u0119 Chlewi\u0144sk\u0105. Sze\u015bciogodzinne spotkanie odb\u0119dzie si\u0119 w budynku przy ul. Katedralnej 4 we Wroc\u0142awiu. Warsztat kierowany do rodzic\u00f3w adopcyjnych. Wi\u0119cej szczeg\u00f3\u0142\u00f3w niebawem.<\/p>\n\n\n\n<p class=\"has-background has-ibm-plex-serif-font-family has-medium-font-size\" style=\"background-color:#f5d5209c;text-transform:none\">Je\u015bli chcesz zbli\u017cy\u0107 si\u0119 do siebie i z innej perspektywy popatrze\u0107 na swoich bliskich- ten warsztat jest dla Ciebie. <\/p>\n\n\n\n<figure class=\"wp-block-image size-large\"><img fetchpriority=\"high\" decoding=\"async\" width=\"1024\" height=\"683\" src=\"https:\/\/adopcja.wroclaw.pl\/wp-content\/uploads\/1755529392439-1024x683.jpg\" alt=\"\" class=\"wp-image-1284\" srcset=\"https:\/\/adopcja.wroclaw.pl\/wp-content\/uploads\/1755529392439-1024x683.jpg 1024w, https:\/\/adopcja.wroclaw.pl\/wp-content\/uploads\/1755529392439-300x200.jpg 300w, https:\/\/adopcja.wroclaw.pl\/wp-content\/uploads\/1755529392439-768x512.jpg 768w, https:\/\/adopcja.wroclaw.pl\/wp-content\/uploads\/1755529392439-1536x1024.jpg 1536w, https:\/\/adopcja.wroclaw.pl\/wp-content\/uploads\/1755529392439-2048x1365.jpg 2048w\" sizes=\"(max-width: 1024px) 100vw, 1024px\" \/><\/figure>\n","protected":false},"excerpt":{"rendered":"<p>2 pa\u017adziernika 2025 r. w godzinach 18-20:00 zapraszamy na spotkanie WySPA, grup\u0119 wsparcia dla rodzic\u00f3w adopcyjnych poprowadz\u0105 rodzice ze Stowarzyszenia Rodzin Adopcyjnych. 25 pa\u017adziernika 2025 r. zapraszamy na warsztat pt.: &#8222;Moje cia\u0142o to m\u00f3j dom- praktyki tworzenia bezpiecznych relacji&#8221; prowadzony przez Pani\u0105 Izabel\u0119 Chlewi\u0144sk\u0105. Sze\u015bciogodzinne spotkanie odb\u0119dzie si\u0119 w budynku przy ul. Katedralnej 4 we&#8230;<\/p>\n","protected":false},"author":1,"featured_media":0,"parent":0,"menu_order":0,"comment_status":"closed","ping_status":"closed","template":"","meta":{"footnotes":""},"class_list":["post-1281","page","type-page","status-publish","hentry"],"aioseo_notices":[],"_links":{"self":[{"href":"https:\/\/adopcja.wroclaw.pl\/index.php?rest_route=\/wp\/v2\/pages\/1281","targetHints":{"allow":["GET"]}}],"collection":[{"href":"https:\/\/adopcja.wroclaw.pl\/index.php?rest_route=\/wp\/v2\/pages"}],"about":[{"href":"https:\/\/adopcja.wroclaw.pl\/index.php?rest_route=\/wp\/v2\/types\/page"}],"author":[{"embeddable":true,"href":"https:\/\/adopcja.wroclaw.pl\/index.php?rest_route=\/wp\/v2\/users\/1"}],"replies":[{"embeddable":true,"href":"https:\/\/adopcja.wroclaw.pl\/index.php?rest_route=%2Fwp%2Fv2%2Fcomments&post=1281"}],"version-history":[{"count":5,"href":"https:\/\/adopcja.wroclaw.pl\/index.php?rest_route=\/wp\/v2\/pages\/1281\/revisions"}],"predecessor-version":[{"id":1425,"href":"https:\/\/adopcja.wroclaw.pl\/index.php?rest_route=\/wp\/v2\/pages\/1281\/revisions\/1425"}],"wp:attachment":[{"href":"https:\/\/adopcja.wroclaw.pl\/index.php?rest_route=%2Fwp%2Fv2%2Fmedia&parent=1281"}],"curies":[{"name":"wp","href":"https:\/\/api.w.org\/{rel}","templated":true}]}}