{"id":100,"date":"2012-07-12T21:03:16","date_gmt":"2012-07-12T20:03:16","guid":{"rendered":"http:\/\/adopcja.wroclaw.pl\/?page_id=100"},"modified":"2026-03-30T16:28:11","modified_gmt":"2026-03-30T15:28:11","slug":"witamy-na-stronie-archidiecezjalnej-poradni-adopcyjnej","status":"publish","type":"page","link":"https:\/\/adopcja.wroclaw.pl\/","title":{"rendered":"Strona g\u0142\u00f3wna"},"content":{"rendered":"\n<p class=\"has-light-color-color has-text-color has-link-color has-ibm-plex-serif-font-family has-medium-font-size wp-elements-bd0e289a8ed62901b8d3bee599a3dd8f\" style=\"text-transform:none\"><\/p>\n\n\n\n<figure class=\"wp-block-image size-large\"><img fetchpriority=\"high\" decoding=\"async\" width=\"1024\" height=\"726\" src=\"https:\/\/adopcja.wroclaw.pl\/wp-content\/uploads\/Drogie-Rodziny-Przyjaciele-i-Sympatycy-naszego-Osrodka-Szanowni-Panstwo-w-tym-wyjatkowym-czasie-Bozego-Narodzenia-gdy-papiez-Franciszek-oglasza-Rok-Jubileuszowy-pod-haslem-nadziei-ktora-nie-z-5-1024x726.png\" alt=\"\" class=\"wp-image-1454\" srcset=\"https:\/\/adopcja.wroclaw.pl\/wp-content\/uploads\/Drogie-Rodziny-Przyjaciele-i-Sympatycy-naszego-Osrodka-Szanowni-Panstwo-w-tym-wyjatkowym-czasie-Bozego-Narodzenia-gdy-papiez-Franciszek-oglasza-Rok-Jubileuszowy-pod-haslem-nadziei-ktora-nie-z-5-1024x726.png 1024w, https:\/\/adopcja.wroclaw.pl\/wp-content\/uploads\/Drogie-Rodziny-Przyjaciele-i-Sympatycy-naszego-Osrodka-Szanowni-Panstwo-w-tym-wyjatkowym-czasie-Bozego-Narodzenia-gdy-papiez-Franciszek-oglasza-Rok-Jubileuszowy-pod-haslem-nadziei-ktora-nie-z-5-300x213.png 300w, https:\/\/adopcja.wroclaw.pl\/wp-content\/uploads\/Drogie-Rodziny-Przyjaciele-i-Sympatycy-naszego-Osrodka-Szanowni-Panstwo-w-tym-wyjatkowym-czasie-Bozego-Narodzenia-gdy-papiez-Franciszek-oglasza-Rok-Jubileuszowy-pod-haslem-nadziei-ktora-nie-z-5-768x545.png 768w, https:\/\/adopcja.wroclaw.pl\/wp-content\/uploads\/Drogie-Rodziny-Przyjaciele-i-Sympatycy-naszego-Osrodka-Szanowni-Panstwo-w-tym-wyjatkowym-czasie-Bozego-Narodzenia-gdy-papiez-Franciszek-oglasza-Rok-Jubileuszowy-pod-haslem-nadziei-ktora-nie-z-5-1536x1090.png 1536w, https:\/\/adopcja.wroclaw.pl\/wp-content\/uploads\/Drogie-Rodziny-Przyjaciele-i-Sympatycy-naszego-Osrodka-Szanowni-Panstwo-w-tym-wyjatkowym-czasie-Bozego-Narodzenia-gdy-papiez-Franciszek-oglasza-Rok-Jubileuszowy-pod-haslem-nadziei-ktora-nie-z-5.png 1748w\" sizes=\"(max-width: 1024px) 100vw, 1024px\" \/><\/figure>\n\n\n\n<figure class=\"wp-block-image size-large\"><img decoding=\"async\" width=\"1024\" height=\"726\" src=\"https:\/\/adopcja.wroclaw.pl\/wp-content\/uploads\/18-1024x726.png\" alt=\"\" class=\"wp-image-1371\" srcset=\"https:\/\/adopcja.wroclaw.pl\/wp-content\/uploads\/18-1024x726.png 1024w, https:\/\/adopcja.wroclaw.pl\/wp-content\/uploads\/18-300x213.png 300w, https:\/\/adopcja.wroclaw.pl\/wp-content\/uploads\/18-768x545.png 768w, https:\/\/adopcja.wroclaw.pl\/wp-content\/uploads\/18-1536x1090.png 1536w, https:\/\/adopcja.wroclaw.pl\/wp-content\/uploads\/18.png 1748w\" sizes=\"(max-width: 1024px) 100vw, 1024px\" \/><\/figure>\n\n\n\n<figure class=\"wp-block-image size-large\"><img decoding=\"async\" width=\"1024\" height=\"726\" src=\"https:\/\/adopcja.wroclaw.pl\/wp-content\/uploads\/19-1024x726.png\" alt=\"\" class=\"wp-image-1370\" srcset=\"https:\/\/adopcja.wroclaw.pl\/wp-content\/uploads\/19-1024x726.png 1024w, https:\/\/adopcja.wroclaw.pl\/wp-content\/uploads\/19-300x213.png 300w, https:\/\/adopcja.wroclaw.pl\/wp-content\/uploads\/19-768x545.png 768w, https:\/\/adopcja.wroclaw.pl\/wp-content\/uploads\/19-1536x1090.png 1536w, https:\/\/adopcja.wroclaw.pl\/wp-content\/uploads\/19.png 1748w\" sizes=\"(max-width: 1024px) 100vw, 1024px\" \/><\/figure>\n\n\n\n<figure class=\"wp-block-image size-large\"><img loading=\"lazy\" decoding=\"async\" width=\"1024\" height=\"683\" src=\"https:\/\/adopcja.wroclaw.pl\/wp-content\/uploads\/1000031439-1024x683.jpg\" alt=\"\" class=\"wp-image-1243\" srcset=\"https:\/\/adopcja.wroclaw.pl\/wp-content\/uploads\/1000031439-1024x683.jpg 1024w, https:\/\/adopcja.wroclaw.pl\/wp-content\/uploads\/1000031439-300x200.jpg 300w, https:\/\/adopcja.wroclaw.pl\/wp-content\/uploads\/1000031439-768x512.jpg 768w, https:\/\/adopcja.wroclaw.pl\/wp-content\/uploads\/1000031439-1536x1024.jpg 1536w, https:\/\/adopcja.wroclaw.pl\/wp-content\/uploads\/1000031439-2048x1365.jpg 2048w\" sizes=\"(max-width: 1024px) 100vw, 1024px\" \/><\/figure>\n\n\n\n<p class=\"has-text-color has-link-color has-ibm-plex-serif-font-family wp-elements-f7dc2558c9067c7a646da6c1d0ef4b31\" style=\"color:#5a2412;font-size:clamp(18.434px, 1.152rem + ((1vw - 3.2px) * 0.644), 29px);text-transform:none\"><\/p>\n\n\n\n<blockquote class=\"wp-block-quote is-layout-flow wp-block-quote-is-layout-flow\" style=\"font-style:italic;font-weight:400\">\n<div class=\"wp-block-group is-layout-constrained wp-block-group-is-layout-constrained\">\n<div class=\"wp-block-columns alignfull are-vertically-aligned-center is-layout-flex wp-container-core-columns-is-layout-1 wp-block-columns-is-layout-flex\">\n<div class=\"wp-block-column is-vertically-aligned-center is-layout-flow wp-block-column-is-layout-flow\" style=\"flex-basis:100%\">\n<div class=\"wp-block-group is-vertical is-layout-flex wp-container-core-group-is-layout-2 wp-block-group-is-layout-flex\">\n<div class=\"wp-block-group has-light-orange-background-color has-background is-layout-constrained wp-block-group-is-layout-constrained\">\n<p class=\"has-text-align-center has-dark-gray-color has-light-orange-background-color has-text-color has-background has-ibm-plex-serif-font-family\" style=\"font-size:clamp(14px, 0.875rem + ((1vw - 3.2px) * 0.061), 15px);font-style:italic;font-weight:600;letter-spacing:2px;text-transform:none\"><em><strong>&#8222;Dziecko jest pergaminem szczelnie zapisanym drobnymi hieroglifami, kt\u00f3rych cz\u0119\u015b\u0107 tylko zdo\u0142asz odczyta\u0107, a niekt\u00f3re potrafisz wytrze\u0107 lub tylko zakre\u015bli\u0107 i w\u0142asn\u0105 wype\u0142ni\u0107 tre\u015bci\u0105.&#8221; <\/strong><\/em> ~ <em>Janusz Korczak<\/em><\/p>\n<\/div>\n<\/div>\n<\/div>\n<\/div>\n<\/div>\n<\/blockquote>\n\n\n\n<p><\/p>\n","protected":false},"excerpt":{"rendered":"","protected":false},"author":1,"featured_media":464,"parent":0,"menu_order":0,"comment_status":"closed","ping_status":"closed","template":"","meta":{"footnotes":""},"class_list":["post-100","page","type-page","status-publish","has-post-thumbnail","hentry"],"aioseo_notices":[],"_links":{"self":[{"href":"https:\/\/adopcja.wroclaw.pl\/index.php?rest_route=\/wp\/v2\/pages\/100","targetHints":{"allow":["GET"]}}],"collection":[{"href":"https:\/\/adopcja.wroclaw.pl\/index.php?rest_route=\/wp\/v2\/pages"}],"about":[{"href":"https:\/\/adopcja.wroclaw.pl\/index.php?rest_route=\/wp\/v2\/types\/page"}],"author":[{"embeddable":true,"href":"https:\/\/adopcja.wroclaw.pl\/index.php?rest_route=\/wp\/v2\/users\/1"}],"replies":[{"embeddable":true,"href":"https:\/\/adopcja.wroclaw.pl\/index.php?rest_route=%2Fwp%2Fv2%2Fcomments&post=100"}],"version-history":[{"count":81,"href":"https:\/\/adopcja.wroclaw.pl\/index.php?rest_route=\/wp\/v2\/pages\/100\/revisions"}],"predecessor-version":[{"id":1455,"href":"https:\/\/adopcja.wroclaw.pl\/index.php?rest_route=\/wp\/v2\/pages\/100\/revisions\/1455"}],"wp:featuredmedia":[{"embeddable":true,"href":"https:\/\/adopcja.wroclaw.pl\/index.php?rest_route=\/wp\/v2\/media\/464"}],"wp:attachment":[{"href":"https:\/\/adopcja.wroclaw.pl\/index.php?rest_route=%2Fwp%2Fv2%2Fmedia&parent=100"}],"curies":[{"name":"wp","href":"https:\/\/api.w.org\/{rel}","templated":true}]}}